 = r - 15. What are the prime factors of r?
5
Suppose -8*n - 22*n = -42240. Let a = n - 480. List the prime factors of a.
2, 29
Let j(n) = -2*n**3 - 25*n**2 - 15*n - 30. Let z be j(-12). Suppose 7413 = z*w + 471. What are the prime factors of w?
13, 89
Suppose 4*i - 110 - 38 = 0. Let b = i + -31. List the prime factors of b/(-21) - (-930)/21.
2, 11
Let k(n) = -4*n**3 - 6*n**2 - 11*n - 10. Let y be k(-7). Suppose 2*f + 2*m = f + 225, 5*f + 5*m - y = 0. List the prime factors of f.
233
Suppose -407 = -0*j - 4*j - 3*o, -j - 4*o + 92 = 0. Suppose -1258 = -6*x + j. List the prime factors of x.
227
Let q = -461 + 2206. List the prime factors of q.
5, 349
What are the prime factors of (326832/1320)/(4/30)?
3, 619
Let k(w) = 4*w**2 - 6*w + 11. Let h be k(4). Let z = h - -23. Let x = z - -5. List the prime factors of x.
79
Suppose -3*z - m = -z + 884, -8 = 2*m. Let l = z - -676. List the prime factors of l.
2, 59
Let m = 520 + -475. What are the prime factors of ((-18)/6)/(m/(-16680))?
2, 139
Let r = 89467 + -57929. What are the prime factors of r?
2, 13, 1213
Let w be (2 - 6) + 2 + (0 - 6). List the prime factors of (120/(-16) - w)/(1/1402).
701
Suppose 57*m - 54*m = 33891. List the prime factors of m.
11, 13, 79
Let b(y) be the second derivative of -9*y**3/2 + 32*y**2 + 15*y. What are the prime factors of b(-11)?
19
Let t(a) = -15*a**2 + 194*a - 7. Let q be t(13). Let n(v) = -v - 3. Let y be n(-3). What are the prime factors of (52 + y)/(3 + q/8)?
2, 13
Suppose -n = -16*n + 404396 - 69041. What are the prime factors of n?
79, 283
Let s(h) = 177*h - 290. List the prime factors of s(5).
5, 7, 17
Suppose -4*o + 52 = 3*k, -3*k - 8 = -2*o - 0*o. Suppose 0 = -3*v + 1280 - 416. Suppose o*y - v = 7*y. What are the prime factors of y?
2, 3
Suppose -13*a + 111*a = 2168152. What are the prime factors of a?
2, 5531
Let h be (-5)/(-2)*(20/5 + -2). Suppose 22*n - 17*n - h = 0. List the prime factors of n/4 + 3824/64.
2, 3, 5
Let o be 1/((-1)/(-3) + (9 - 9)). Suppose -o*k - 34 = -4*h, 2*h = -3*h + 5*k + 40. Suppose -8*u + h*u = 70. List the prime factors of u.
5, 7
Suppose -5*u - 224 = 2*n + 112, 5*u = n - 327. Let m = 72 + u. Let g(h) = 7*h**2 - 13*h - 8. What are the prime factors of g(m)?
2, 83
Let m(o) = -756*o + 743. List the prime factors of m(-9).
7547
Let o be (3 + -5)*-1 - -5. What are the prime factors of ((-3 - 1) + 27)/(o/259)?
23, 37
Let q(m) = -5*m**3 - 26*m**2 - 4*m + 27. Let j(s) = 4*s**3 + 25*s**2 + 5*s - 25. Let k(h) = 4*j(h) + 3*q(h). What are the prime factors of k(-20)?
3, 23
Suppose -k = k + 804. List the prime factors of (-8 + 9)/((-2)/k*3).
67
Let z(m) = 40*m - 19. Suppose 192*h + 75 = 197*h. What are the prime factors of z(h)?
7, 83
Suppose -4*k - 1865 = -8*n + 3*n, -3*k - 1422 = 4*n. What are the prime factors of ((-72)/48)/(3/k)?
5, 47
Suppose -2*c - 4 = -v - 3*v, 2*v = 3*c - 2. Suppose 86 + 683 = i + 5*y, -1478 = -c*i + 5*y. List the prime factors of i.
7, 107
Let z be (6/13)/(-3) - (-128)/(-13). Let w be 6/15 + (-6)/z + -1. Suppose w = 4*y - 84 + 12. List the prime factors of y.
2, 3
Let f be 33/(-8) + (-1)/(-8). Let o(x) = -2*x**3 + 3*x**2 + 6*x + 10. Let z be o(f). Suppose -z = -2*i - 0*i. List the prime factors of i.
3
Let c = 253 - 139. List the prime factors of -6 + 0 + -3 + c.
3, 5, 7
Let u = 1629 + -1599. Let b(w) = 106*w**3 + w**2 - 2*w + 2. Let n be b(2). Suppose -u*l - n = -35*l. List the prime factors of l.
2, 5, 17
List the prime factors of (-3)/(-2) + (-9043070)/(-580).
31, 503
Suppose 0 = -4*c + 9*l - 5*l + 1104, 0 = -2*l - 6. Suppose 0 = 5*h - 622 - c. Suppose 2*z - h = 55. List the prime factors of z.
3, 13
Let x(m) = -2*m**2 + 35*m - 13. Let k be x(17). Suppose 0 = -k*h - 0*z - 4*z - 96, -4*h - 72 = -2*z. List the prime factors of h/30 + 700/6.
2, 29
Let p = 141 - 69. Let u be (8/p*12)/(4/666). Suppose 0 = -5*d + 802 - u. What are the prime factors of d?
2, 29
What are the prime factors of (-1 - 3) + 15009*(-15)/(-15)?
5, 3001
Let c = 222 - 181. Suppose 42*m - 294 = c*m. List the prime factors of m.
2, 3, 7
Let u(v) = 5*v**2 + 33*v - 47. Let r(w) = 3*w**2 + 17*w - 24. Let n(p) = -7*r(p) + 4*u(p). Let y be n(8). Let g = -13 + y. List the prime factors of g.
7
Let a = -246 + 386. Suppose -t + 0*t = -3*n - 50, -3*t + 4*n = -a. Let k = 64 - t. What are the prime factors of k?
2, 5
What are the prime factors of ((-21)/42)/(6/(-117900))?
3, 5, 131
Let l be 7/(-28) + (-42)/(-8). Suppose -8*h + 4*h = 3*d - 2516, 4*h - 2516 = l*d. What are the prime factors of h?
17, 37
Let s = 734 + -1043. Let i = 289 - s. What are the prime factors of i?
2, 13, 23
Let j(c) = 8*c - 7. Let n(m) = 7*m - 9. Let k(g) = 5*j(g) - 6*n(g). Let w be k(7). List the prime factors of ((-109)/w)/(72/40 - 2).
109
Let k be (10/(140/(-63)))/(2/4). Let s be k - ((-7 - -4) + 4 + -5). What are the prime factors of 6/(-5)*(-230)/(7 + s)?
2, 3, 23
Suppose -4*s + 3*r + 3 = 0, 0 = 3*s + 8*r - 3*r - 24. Let f(b) = -39*b + 13. Let u(c) = -19*c + 6. Let q(j) = s*f(j) - 7*u(j). List the prime factors of q(5).
7, 11
Let a be (3804/30)/((-4)/(-20)). Suppose a*q = 632*q + 3094. List the prime factors of q.
7, 13, 17
Let h(t) = -9120*t - 2449. What are the prime factors of h(-4)?
34031
What are the prime factors of (2 - (-5783 + 0)) + 10*9/30?
2, 1447
Suppose p - d + 230 = 0, -3*d + 1148 = -5*p - 0*d. Let g = p + 425. List the prime factors of g.
2, 7
Let p(g) = -g**3 + 10*g**2 - 17*g. Let u be p(7). Let y = -23 + u. Suppose 5*c - 980 = -y*r, c + c + 3*r = 387. List the prime factors of c.
3, 67
Let p be (-4)/(-5) + (-324)/(-45) + -7. Let v = 46 + p. List the prime factors of v.
47
Let w = -125 - 7. Let u = w - -422. What are the prime factors of u?
2, 5, 29
Let h(v) = 16*v - 11. Let g be h(-9). Let p = 1001 + -1045. Let n = p - g. List the prime factors of n.
3, 37
Let b(p) = -p**3 - 54*p**2 - 247*p + 155. What are the prime factors of b(-56)?
3, 2251
Let w(g) = 11*g**3 + g**2 + 102*g - 757. What are the prime factors of w(12)?
23, 853
Let k(a) = 21 + 23*a + 10*a + 82 + 20*a. List the prime factors of k(11).
2, 7
Let o(s) = 4*s**2 + 2*s + 1. Let h be o(-1). Suppose -2*b + 8 = h*v - 0*b, 4*b = -3*v + 4. Suppose v*k - 16 = 268. What are the prime factors of k?
71
Suppose -3*t = o - 46634, o + 737 = -4*t + 47368. List the prime factors of o.
46643
Let f = -8530 - -16149. What are the prime factors of f?
19, 401
Let p be ((-1)/(3/1))/(33/(-297)). Let n = 13 + 35. Suppose 4*o + 5*s - 481 = n, -p*o + 383 = s. List the prime factors of o.
2, 3, 7
Suppose -13*q = -6*q - 28. Suppose q*u + 219 = 1631. List the prime factors of u.
353
Let v be -5 - (-5 + 8 + 208). What are the prime factors of (-11720)/24*v/60?
2, 3, 293
Let n(g) = -g**3 - 38*g**2 - 10*g - 117. Let f be n(-38). Suppose -5*b + f = -0*b + q, 49 = b + 2*q. What are the prime factors of b?
53
Let o(t) be the first derivative of 2*t**3/3 + t**2 - 4*t - 11. Let q(l) = l**3 + 3*l**2 - l - 7. Let p be q(-3). What are the prime factors of o(p)?
2, 5
Suppose -k = 3*w - 2569, -31*w + 1694 = -29*w - 2*k. List the prime factors of w.
2, 7, 61
Suppose 3*w + 2*j - 33 = 5*j, -2*j - 6 = 0. Let b(g) = g**2 - 6*g - 14. Let x be b(w). Suppose -628 = -x*i - 2*i. List the prime factors of i.
157
Let t be 4/(-60) + (-2057)/(-255). What are the prime factors of (-4 + t)/(5/8175*6)?
2, 5, 109
Suppose 0 = 4*w - 101 + 525. Let v be 12/3 - (-1 + 2). What are the prime factors of (v/2)/(-3)*w?
53
Let g(f) = -72*f + 158*f - 2*f**3 - 77*f + 27 - 10*f**2. List the prime factors of g(-10).
937
Let k be (-15)/(-20) + -1 + (-79362)/(-8). Suppose 0 = -n - 15*n + k. List the prime factors of n.
2, 5, 31
Let d = 19680 + -34130. Let v be 0 + 4/(-24) + d/(-12). Suppose -9*w + v = -47. List the prime factors of w.
139
Let x be 8*1*(-4)/(-8). Suppose -6*y + 1242 = 2*n - x*y, 3*y = -5*n + 3097. What are the prime factors of n?
617
Let u(z) be the first derivative of 8 + 4*z**2 - 3*z + 1/2*z**4 - 11/3*z**3. What are the prime factors of u(7)?
2, 5
Let k(p) = -3*p - 2*p + 6 + 3*p - 25. Suppose -5*j - 60 = 5*t, 3*j + 3*t - 7*t = -50. What are the prime factors of k(j)?
3
Let i = 73 + -68. Suppose 0 = 4*t - 3*k - 943, -5*t = -0*t + i*k - 1170. Suppose -2*c = -b - c + 220, -b + t = 4*c. List the prime factors of b.
223
Suppose -356*h = 166*h - 1449072. List th